-2*r - 3*c, 12 = -0*r - 2*r - 4*c. Calculate the remainder when (-6)/(-2)*r/(-2) is divided by 8.
5
Let r = -22 + 41. Let x = -3 + 10. Calculate the remainder when r is divided by x.
5
What is the remainder when 39 is divided by 15 + (0 - -3)/(-3)?
11
Suppose -4*w = 3*r - 82, -3*r + 2*w - 21 + 79 = 0. Let a = r - 7. Let t = 5 - -3. What is the remainder when a is divided by t?
7
Suppose 0 = -2*n - 106 - 70. Suppose 2*k = 4*k - 18. Calculate the remainder when 10/45 - n/k is divided by 6.
4
Suppose -22 = -3*z + 17. What is the remainder when z is divided by ((-1)/(-1) - 2)/((-121)/484)?
1
Let h = 10 + -12. What is the remainder when 18 is divided by h/(-7) + 272/28?
8
Suppose -n - 47 = -4*c - 0*c, -4*n = 3*c - 21. Let x = c + 9. What is the remainder when 58 is divided by x?
18
Let n be (-52)/(-16) - (-1)/(-4). Suppose -t - n = -4*t. Calculate the remainder when t is divided by 1.
0
Suppose -3*d = -2*d - 16. Calculate the remainder when 62 is divided by d.
14
Let w = 476 - 297. What is the remainder when w is divided by 36?
35
Suppose 0 = -5*o + 4 + 116. Suppose 0 = -4*b + 2*b. Suppose -f - f + o = b. Calculate the remainder when 35 is divided by f.
11
Let g(q) = -154*q**2. Suppose -3*p = -5*p - 2*c - 6, -4*p - 14 = 5*c. Let f be g(p). Calculate the remainder when f/(-4) + 2/4 is divided by 20.
19
Let h = -117 - -163. Calculate the remainder when 135 is divided by h.
43
Suppose -2*z = -z - 4. Let r(x) = -4*x + 1. Let f be r(-2). Suppose -f*b + 20 = -7*b. Calculate the remainder when b is divided by z.
2
Let n(c) = -4*c**3 + 11*c**2 - 4*c + 15. Let l(o) = -5*o**3 + 11*o**2 - 3*o + 15. Let x(z) = 3*l(z) - 4*n(z). What is the remainder when x(11) is divided by 21?
20
Suppose -2*u = 3*q - 114, 3*u - 72 - 80 = 5*q. Let x(f) = 5*f + 44. Calculate the remainder when u is divided by x(-6).
12
Suppose 0 - 14 = -i. Suppose 6*j - 8*j + 10 = 0. Calculate the remainder when (-107)/(-4) - j/(-20) is divided by i.
13
Let m = -208 + 240. Let c be (-2)/((-2)/1)*-9. Calculate the remainder when m is divided by (51/c)/(1/(-3)).
15
Let h = -9 + -5. Let o = -8 - h. Suppose 2*b + b = t + o, -2*t + 2 = b. Calculate the remainder when b is divided by 2.
0
Suppose -3*g = j - 86 + 44, 4*g = -j + 55. Suppose -2*w - 3*z - 2*z + 21 = 0, 2*w + z = 17. Calculate the remainder when g is divided by w.
5
Suppose 3*a + f - 20 - 44 = 0, 2*a = -4*f + 56. Suppose -l - a = -5*l. Calculate the remainder when 13 is divided by l.
3
Let r(o) = o + 29. Calculate the remainder when 48 is divided by r(-12).
14
Suppose 46 = -0*u + 2*u. Let o(w) = w**3 + 4*w**2 - 4*w - 4. Calculate the remainder when u is divided by o(-4).
11
Let x = -114 + 122. Calculate the remainder when 13 is divided by x.
5
Suppose -2*t = -5*f + 7, 5*t - 23 = -4*f + 3*f. Suppose f*r + 12 = 63. What is the remainder when 32 is divided by r?
15
Let g(i) = 1 + 3*i + 1 - 5 - 5*i. Calculate the remainder when g(-9) is divided by 8.
7
Let p = -10 + 21. Let g be (-45)/(-6)*4/5. Calculate the remainder when (1 - (-87)/g)*2 is divided by p.
9
Suppose -j + 6*j = 75. Let z = j - 5. Calculate the remainder when 18 is divided by z.
8
Let q be (-2)/(-9) - (-630)/81. Suppose q - 4 = 4*p. What is the remainder when 2 is divided by p?
0
Let v = 161 - 91. What is the remainder when v is divided by 9?
7
Let p(m) = m + 7. Let j be p(-4). Suppose 0 = 3*v - j*l - 33, -16 = -5*v - l + 9. Let y = 99 - 88. Calculate the remainder when y is divided by v.
5
Let s(v) = 2*v**2 + 9*v + 26. What is the remainder when 32 is divided by s(-5)?
1
Let z(o) = 7*o. Let t(p) = p**3 + 22*p**2 - 49*p - 14. What is the remainder when z(4) is divided by t(-24)?
8
Let u = -13 - -20. Let p(r) = r - 2. Let b(v) = v**3 + 1. What is the remainder when p(u) is divided by b(1)?
1
Suppose -3 = k + 3*n + 3, -n = 0. Let c(b) = -6*b - 3. What is the remainder when c(k) is divided by 17?
16
Suppose 0 = -4*k - 0*k - 8. Let x = k + 2. Let c = 5 - x. What is the remainder when c is divided by 3?
2
Calculate the remainder when 3 + -1 + (-3)/3 is divided by 1.
0
Suppose 64 = -0*p - 4*p. Let u = p - -26. Calculate the remainder when 37 is divided by u.
7
Let t(v) = -v + 2. Let d be t(-6). Suppose 0 = 4*g - d, 3*s + 2*s - 2*g = 11. Let c(u) = -u**2 - 8*u - 7. What is the remainder when c(-5) is divided by s?
2
Let r(w) = -3 - w**3 + 5*w - 1 - 3 + 5*w**2. Calculate the remainder when r(5) is divided by 7.
4
Suppose -2*d - 6*y = -y + 20, 3*d - 4*y - 16 = 0. Let m = -1 - -58. Calculate the remainder when m is divided by d + (-4)/(20/(-75)).
12
Suppose 5*d + 107 = -68. Let p = -14 + -6. Let a = p - d. Calculate the remainder when a is divided by 8.
7
Suppose 2*u - 1 = 1. Suppose -5*d + d = -4. Calculate the remainder when u is divided by d.
0
Let r(s) = -3*s - 2 + 3*s - s. Let t be r(-2). Suppose 7 = h + u, -h = -t*u - 5*u + 23. Calculate the remainder when 3 is divided by h.
1
Let r(l) = 36*l**2 + 2*l - 2. Let y be r(1). Let o = y + -24. Calculate the remainder when 57 is divided by o.
9
Let c(g) = g**2 + 3*g + 4. Suppose 0 = 3*y - 8*y - 10. What is the remainder when (y - -1) + 16/1 is divided by c(-4)?
7
Let h = 26 - 13. What is the remainder when 40 is divided by h?
1
Let q(t) = -t + 12. Let p be q(7). Suppose -p*d + 160 = 15. Let j = 34 - 19. What is the remainder when d is divided by j?
14
Suppose 7*t = 2*t - 15. Suppose 0 = m + 2*b - 8, 0 = 4*m - b - b - 12. What is the remainder when ((-36)/8)/(t/4) is divided by m?
2
Suppose -q + 11 = 2*d - 0*d, -4*q - 2*d = -20. Suppose 0 = 3*m + 4*n - 34, -2*n = q*m - 2*m - 8. Calculate the remainder when 53 is divided by m.
17
Let u = -1 - -2. Let v(o) = 6*o**3 - o**2 + 2*o - 1. Suppose 34 = -4*i + 6*i. Calculate the remainder when i is divided by v(u).
5
Let z(c) = c**3 - 4*c**2 + 4*c - 1. Let i be z(3). Suppose -i*n = 2*n - 56. Calculate the remainder when 55 is divided by n.
13
Let t = 61 - 54. Let q(y) = 7*y - 2. Calculate the remainder when q(3) is divided by t.
5
Let x(w) be the third derivative of -w**4/24 + w**3/2 + 3*w**2. Let r be x(7). What is the remainder when 39 is divided by (0 + r)/(2/(-10))?
19
Suppose -3*k = -4*r - k + 106, -3*r + 5*k = -76. Suppose -x = -2*j, j = -x - 0*j - 3. Calculate the remainder when r is divided by (x/6)/((-5)/210).
13
Let b = 117 - 111. What is the remainder when 18 is divided by b?
0
What is the remainder when (0 + -12)/((-1)/6) is divided by 37?
35
Let i(f) = f**3 + 18*f**2 + 17*f + 16. Calculate the remainder when 62 is divided by i(-17).
14
Let t(o) = o**3 - 2*o + 3. Let f = -12 + 26. Let v = 26 - f. Calculate the remainder when v is divided by t(2).
5
Let h = -15 - -21. Let q = -18 - -25. Let x = q - 3. What is the remainder when h is divided by x?
2
Suppose 0 = -3*c + 8 + 55. Suppose -x + 124 = 3*x. Let s = x - c. Calculate the remainder when s is divided by 4.
2
Suppose -3*m + 4*m = -14. Let j = m - -21. Calculate the remainder when 20 is divided by j.
6
Suppose -h = 4, 0*h - h + 228 = 4*a. Let w = 26 + -6. Calculate the remainder when a is divided by w.
18
Let k(c) = c**3 - 5*c**2 - 4*c - 4. Suppose -2*p + 3*u - 4*u + 25 = 0, u - 38 = -3*p. Calculate the remainder when p is divided by k(6).
5
Let v = -15 - -35. Calculate the remainder when v is divided by (21/6)/(2/4).
6
Let m(y) = -y**3 + 3*y**2 + 2*y - 2. Suppose 3*h + 27 = 5*u, 4*h + 3 = -3*u + h. Calculate the remainder when m(u) is divided by 2.
0
Suppose -24 = -4*o - 4*q, 3*o + 2*o = -2*q + 24. Calculate the remainder when o is divided by ((-95)/30 - -5) + (-1)/(-6).
0
Suppose 5*w - 319 = 3*n, w + n + 2*n - 53 = 0. What is the remainder when w is divided by 16?
14
Let u = 47 + -25. Calculate the remainder when 87 is divided by u.
21
Let y(t) = 3*t - 5. Let m be y(4). Suppose 2*w - 5*k + 85 = m*w, -5*w + 58 = -4*k. What is the remainder when 55 is divided by w?
13
Calculate the remainder when 25 is divided by 3/(-2) + 63/6.
7
Let b = 0 + 5. What is the remainder when 70/b + (-2)/2 is divided by 7?
6
Let m(n) = -9*n + 11. Calculate the remainder when m(-5) is divided by 19.
18
Let x(a) = -4*a + 2. Let t = -37 - -102. What is the remainder when t is divided by x(-5)?
21
Suppose -5*m + 397 = -233. Suppose 0 = -8*v + 14*v - m. Suppose -g + 4*p - 8 = 0, 3*g - 3*p - 7 - 14 = 0. Calculate the remainder when v is divided by g.
9
Let p = 